8))/(2/42)?
1
Suppose -3*y = -4*v + 69, 2*v = -y - 6 + 33. Suppose -p = -3, 4*h = -4*p - v - 13. What is the units digit of 4 + -1 - h/(-5)?
1
Let b(x) = x**3 - 6*x**2. Let g be b(6). Suppose w - 5*w + 152 = g. What is the tens digit of w?
3
Suppose 3*k + 5*d = 6*k + 14, -2*k + 4*d = 12. Let g be 12/((1 - 0)*k). Let s = 14 - g. What is the units digit of s?
8
Suppose 3*h + 2*m = 53, -5*m + 33 = 13. What is the units digit of h?
5
Let x(t) = -t**3 + t**2 - t + 11. What is the units digit of x(0)?
1
Let a(d) = -d**3 + 9*d**2 - d - 5. What is the units digit of a(5)?
0
Let w be (-37)/(-5) - (-2)/(-5). Let r(o) be the third derivative of o**4/24 - 5*o**3/6 + o**2. What is the units digit of r(w)?
2
Suppose m + 2 - 4 = 0. Suppose 3*v + t - 8 = -t, m*v - 20 = -5*t. Suppose v = 2*b + 5 - 27. What is the units digit of b?
1
Let c be -2 + (2 - -3) + 0. Suppose 16 - 4 = c*h. What is the units digit of h?
4
Let n = -38 + 79. What is the tens digit of n?
4
Let o(i) = 2*i + 5. Let b(n) = n + 1. Let v(x) = 6*b(x) - 2*o(x). What is the tens digit of v(7)?
1
Let x(v) = -v**2 - 11*v + 4. Let y be (-42)/5 - 21/35. What is the units digit of x(y)?
2
Suppose 0 = z - 20 - 13. What is the units digit of z?
3
Let l = -4 + 9. Suppose 92 = l*j + 22. Let x = -4 + j. What is the tens digit of x?
1
What is the units digit of 23 + (0 + 0)/3?
3
Suppose -h - 5*t = 14, 0 = 5*h + 2*t - 13 + 37. Let d(a) = a**2 - a - 7. What is the units digit of d(h)?
3
Suppose -5*t + u = -3*u, -4*t = -2*u - 6. Suppose 1 = -h + t. What is the units digit of (-1)/h*(-8 + 2)?
2
Let m = -100 + 313. What is the units digit of m?
3
Suppose 5*w = p - 6*p, 2*w + 2 = -p. Let g = w + 3. What is the units digit of g?
1
Suppose 2 = -2*g - 2*m, m + m = -4*g - 14. Suppose -3*f + 5*f + 26 = 0. Let i = g - f. What is the units digit of i?
7
What is the units digit of (-3)/(-12) + (-27)/(-4)?
7
Let h(y) = -y - y + 2 + 0. Let f be h(2). Let c = f + 3. What is the units digit of c?
1
Let u = 130 - 87. What is the tens digit of u?
4
Suppose 0*g + 13 = g. Let k = 1 - g. What is the units digit of (-3 + 3/k)*-4?
3
Suppose 5*l = 15 + 20. Suppose 14 = 3*v - l. What is the units digit of v?
7
Let z(q) = -q**2 - 22*q - 9. What is the hundreds digit of z(-12)?
1
Let b(q) = -2*q. Let h be b(3). Let g(j) = -j**2 - 8*j - 8. Let k be g(h). Suppose 2*x + 6 = -k*c, 2*c = -5*x - 3*c + 10. What is the units digit of x?
7
Let g(t) = t**3 - 6*t**2 - 4*t - 8. Let d be g(7). Suppose -r = 2*a + 3*r + 8, 0 = a + 5*r + d. What is the units digit of a?
2
What is the tens digit of 174 - (-2 - 9/3)?
7
Let j be 1*-3 + (-12 - -4). Let h = -6 - j. What is the units digit of h?
5
Let w be (-1)/(-2)*4 + 1. Let i(q) = 7*q + w + 0*q**2 + 4 - q**2. What is the units digit of i(7)?
7
What is the units digit of 440/12*(-3)/(-2)?
5
Let o be 0/(((-2)/1)/2). Suppose o = 2*b - 4*b + 10. What is the units digit of b?
5
Let r = 332 - 231. What is the units digit of r?
1
Let v(w) = -w**3 - 4*w**2 - 2*w + 6. What is the tens digit of v(-7)?
6
Let q be ((-4)/(-10))/(-1)*5. What is the units digit of q/(-7) + (-10)/(-14)?
1
Suppose -13*i + 1004 = 250. What is the units digit of i?
8
Let l(r) = r**2 - 8*r + 5. What is the tens digit of l(10)?
2
Let a(w) = 69*w - 10. What is the units digit of a(2)?
8
Suppose 0 = 8*z - 135 - 121. What is the units digit of z?
2
Suppose -2*b - 19 + 45 = 0. What is the units digit of b?
3
Let x be (134/(-5))/((-2)/10). Suppose -3*p = p + 2*k - 178, 3*p + 2*k - x = 0. What is the tens digit of p?
4
Suppose 0 = -0*q + 2*q. Let k be q + 1 + -5 + 2. What is the units digit of 2 - 1 - (k + 2)?
1
Suppose 5 = 3*h + 2. Suppose i = h + 3. What is the units digit of -1 + (-2)/(-1) + i?
5
Let b(f) = 3 - f + 5*f - 1 + f**2 - 3. Let j be b(3). What is the tens digit of (j/(-6))/(4/(-18))?
1
Let o(n) = -n + 3. What is the tens digit of o(-12)?
1
Suppose -4*i + 30 = 2*m - 2*i, 7 = m + 3*i. Suppose 5*h - m - 71 = 0. Suppose -3*b + 0*b = -h. What is the units digit of b?
6
Suppose r - 219 = -2*r. What is the units digit of r/5 - (-6)/15?
5
Suppose 4*s - z + 11 = 2*z, 0 = 4*s - 5*z + 13. What is the units digit of 2*(-3)/s + -1?
2
Let n = 7 + -5. Let o(v) = -v**3 - 1 - 8*v**2 - v - 1 + 2*v**n. What is the units digit of o(-6)?
4
Suppose 0 = -2*r - 2*r - 2*j - 42, -5*r + j - 49 = 0. What is the units digit of r/45 - 76/(-18)?
4
Suppose -i + 25 = 4*i. Let k = i - 3. Suppose -v - 2*v = 12, -2*g - k*v = 4. What is the units digit of g?
2
Suppose 0 = 2*b + 4, 3*b + 12 = 2*q - 2*b. Let m be ((-2)/(-6))/((-7)/273). Let x = q - m. What is the units digit of x?
4
Let a(y) be the third derivative of -y**5/60 + y**4/3 + 11*y**3/6 - 2*y**2. What is the units digit of a(8)?
1
Suppose 0 = s + s + 8, -5*s - 12 = 4*y. Suppose 0 = -y*o - 26 - 18. What is the units digit of (-3 - -4)/((-2)/o)?
1
Suppose -14*w = -10*w - 444. What is the units digit of w?
1
Let a(n) = -n**2 - 2*n**3 - 2*n**3 + 4 + 3*n**3 - 4*n**2. What is the units digit of a(-5)?
4
Suppose -5*f = a + 21, 4*a + 0*f + 5*f + 24 = 0. What is the units digit of a/(2/(-12) + 0)?
6
Let a(d) = -5*d + 44. What is the tens digit of a(-9)?
8
Let b = -95 + 62. What is the units digit of (-6)/(-4) + b/(-6)?
7
Let a = 4 + -6. Let z = a - -5. What is the units digit of z?
3
Let g(v) = -3*v - 39. What is the units digit of g(-23)?
0
Let h be ((-2)/3)/(4/102). Let v = 14 - h. What is the tens digit of v?
3
What is the units digit of 2*(-66)/(-4)*2?
6
Suppose -10 - 35 = -5*x. Let c = x - 5. Suppose -16 = c*u + 4*k, 5*k + 14 = 2*u - 13. What is the units digit of u?
1
Suppose -8*s + 10*s = 166. What is the tens digit of s?
8
Let r(k) = -k**3 + 5*k**2 + 6*k + 2. Let p be r(6). Suppose -x = p*x - 45. What is the tens digit of x?
1
Suppose 0 = 4*x + j - 36, 36 = x + 3*x - 4*j. What is the units digit of x/(-3)*1 + 16?
3
Suppose -c = 2*g - 11, 4*g - 2*g = 4*c + 26. What is the units digit of g?
7
Let h = -16 + 10. Let f(i) = i**2 + 5*i - 2. Let r be f(h). Suppose -3*l + 6 = r*v + 2*l, 0 = -l - 2. What is the units digit of v?
4
Let s(y) = 5*y**2 - y - 11. Let a be s(-6). Suppose -a = -7*u + 126. What is the tens digit of u?
4
Suppose 4*r - 3*r = -4, 0 = -3*w + 5*r + 86. Suppose t - n + 8 = w, 5*n - 20 = 0. What is the units digit of t?
8
Let b = -23 + 27. Suppose 8*j - 3*j + 180 = 5*p, b*p + j - 139 = 0. What is the units digit of p?
5
Suppose 3*o - 4*o - 5 = 0. What is the units digit of (-58)/(-5) - 2/o?
2
Let i(n) = 8 + 0*n + 0 + n + 9. What is the tens digit of i(0)?
1
Let d be (-3)/1 - 357/7. Let u be ((-1)/(3/d))/1. Suppose c = -c + u. What is the units digit of c?
9
Let y = 37 + -9. Suppose -27 = -5*u + 3*b, -5*u + 0*u + 2*b + y = 0. What is the units digit of u?
6
Let q(c) = -6*c - 14. What is the units digit of q(-9)?
0
Let f = 5 + -3. Suppose -f*u - 12 + 28 = 0. Let r = -4 + u. What is the units digit of r?
4
Suppose 3*a + 2*a - 3*k - 1021 = 0, -4*a = -5*k - 809. What is the units digit of a?
6
Let n = -51 + 22. Let b = n + 63. Suppose -5*g + b = 3*f - 4*g, 66 = 5*f - 3*g. What is the units digit of f?
2
What is the units digit of (11 - 15)/(1/(-9))?
6
Let y be 2/(-3)*3 + -2. Let l = 14 - 21. Let a = y - l. What is the units digit of a?
3
Suppose -23 = -2*c - 65. What is the units digit of 9*(c/9 - -3)?
6
What is the tens digit of 8/6 + (-188)/(-12)?
1
Suppose -r + 4*r - p - 19 = 0, -3*p + 6 = 0. Suppose -5*l + 345 = 125. Suppose -r*c + l = -3*c. What is the units digit of c?
1
Suppose 2*i - 120 = -i. Suppose -2*t = -5*p + i, p + p + 3*t = 16. What is the units digit of p?
8
Suppose -4*j = -p + 132, -7*p + 3*p + 428 = 4*j. What is the hundreds digit of p?
1
Suppose 5*u = -8*a + 3*a + 1715, -u = -a + 335. What is the tens digit of a?
3
Let d = -11 + 13. What is the units digit of d?
2
Suppose 4*p - 563 = -f - 2*f, -3*p - 4*f = -431. What is the tens digit of p?
3
Let y = 144 + -228. What is the units digit of (1*-1)/(7/y)?
2
Suppose 0 = -2*m - 3*f + 6*f - 51, -4*m - 77 = -f. What is the tens digit of 16/72 - 428/m?
2
Let h(r) = r**2 - 5*r - 10. Let c be h(7). Let q = c + -1. What is the units digit of q?
3
Let t(b) = -2*b - b**3 + 1 + 11*b**2 - 6 - 6*b**2. What is the units digit of t(4)?
3
Suppose -2*q = 3*q + 2*y - 125, -5*q = -y - 110. Suppose v = 2*v + 2*o - 13, q = v + 4*o. Suppose -p - z = -v, -p +